) + 0.
-6
Calculate -19 + 1 - (-1147 - -1117).
12
Calculate -13 - (8 + 10 + -15 + 4).
-20
What is 24 - (-26 + 30 - -9)?
11
Calculate 1 + ((1 - 0) + -8 - (-673 + 672)).
-5
-8 + (8 - -17) - (12 - -2)
3
Evaluate -3 - (7 + -20 + 5 - -12).
-7
What is the value of -5 + (-2 - 5) + (4 - 2)?
-10
Calculate -12 + 11 + (6 - (2 - (-4 + 5))).
4
What is -10 + (10 - (6 + -8)) - -7?
9
What is the value of 9 - (13 + -8) - (-12 + 11 - 30)?
35
What is the value of -1 - -2 - (18 + -30 - -14)?
-1
Calculate -22 + -6 + -24 + 20 + -1 + 3.
-30
What is the value of 22 + -11 + -2 + -1 + 2?
10
What is -6 - (-5 - -4 - 27)?
22
Calculate -2 - (-5 + (-9 - (-11 - -4))).
5
Evaluate (4 - 42 - 15) + 20.
-33
Evaluate 7 + -11 - (-1 + -6 + 21 + -4).
-14
Evaluate (0 - (20 - 41)) + -14 + 3.
10
What is the value of 125 + -116 - ((-2 - 0) + -2)?
13
What is 12 + (13 - (-6 + 27)) - -8?
12
What is the value of 2 - 7 - (-18 + 25 + -24 + -16)?
28
Calculate -8 - ((0 - 4) + (-4 - -5)).
-5
Evaluate (-5 - 20) + 24 + (-6 - 0) + 0.
-7
What is the value of -4 + 8 + -11 + (-3 - -7)?
-3
Calculate -11 - (3 + -7 + 4 + -11).
0
What is the value of 15 - ((-12 - -7) + 8 + -8) - 3?
17
What is the value of -6 - (-4 + (-7 - (-1 - (-3 - -23))))?
-16
Calculate (-4 + (-10 - -20) - 55) + 15.
-34
What is (7 - (2 - (2 + -1))) + -37 + 43?
12
29 - (-3 + 0) - 1 - (12 - 5)
24
Evaluate -5 + (4 - (2 + -9 - -10)).
-4
Evaluate -1 - (-4 + 6 - -9 - 10).
-2
Evaluate -9 + 0 + 13 + -4.
0
23 - 29 - (8 - 0 - 1)
-13
-7 - -13 - 8 - 1
-3
What is the value of 7 + -11 + 11 + -3?
4
What is 1 + (5 - 13) - (5 + -3)?
-9
What is 1 + (18 - (-8 - (-5 + (-2 - -4))))?
24
Calculate (14 - (35 + -16)) + 1 + -9.
-13
-7 + 28 + 7 - 15
13
-8 + (14 - (14 - -1))
-9
What is the value of 8 + 6 - (-7 - (-22 - -6))?
5
Calculate -5 - (2 + 3 - -6) - -10.
-6
What is the value of -3 + (3 - 8) - (26 - 15)?
-19
Evaluate 82 + -96 + (13 - -19).
18
Evaluate -10 + 3 + 0 + 11.
4
What is the value of 8 + -3 - 4 - (-13 + -2)?
16
Calculate (7 - (-10 - -6 - -10)) + 2.
3
What is 5 + 0 - 7 - (-9 + -7)?
14
What is the value of 4 + (-10 - (5 + -20 - -10))?
-1
Calculate 6 - (-9 + 4 - 3) - (0 + -1).
15
-46 - -92 - (49 + -18)
15
Evaluate -3 + -4 + 2 + 16.
11
Evaluate 12 - ((-12 - -1) + 5 + -8 - -4).
22
What is the value of 3 + (-2 + -1 - -1) + (-13 - -8)?
-4
What is the value of (77 - 71) + -2 + -1 + 10?
13
Evaluate -22 - (5 - ((-3 - 10) + 16)).
-24
Calculate 5 + 9 + (-3 - (0 - 1)).
12
What is 33 + (36 - 59) + (-1 - 1) - 26?
-18
What is the value of (-54 - 3) + 30 + 19?
-8
Evaluate 1 + 10 + (-2 + -6 - (24 + -27)).
6
Calculate -13 - (-15 + 0 - -11).
-9
What is -1 - 0 - -15 - (70 - 63)?
7
What is the value of -16 - ((-16 - -25) + -17)?
-8
2 + (4 - -8 - (22 + -14))
6
Evaluate (-46 - -42) + -7 + 2.
-9
What is 0 - 14 - (141 + -144)?
-11
What is -12 - (-3 + 7 - 3 - -5)?
-18
Evaluate 9 + 4 + -1 - (2 + (5 - 0)).
5
What is 0 + -8 - (91 + -99)?
0
What is (8 - -2) + (8 - 3)?
15
4 + (-1 - -5) - (6 - (11 + 7))
20
What is the value of (-221 - -212) + (-1 - (3 + -13))?
0
What is 1 - (1 - (3 + -1)) - 0 - -15?
17
What is the value of (19 - 20) + -1 + 27?
25
What is the value of (43 - 19) + -4 + -1 - 5?
14
What is the value of 35 + (103 - 116 - (-2 + 1 + -9))?
32
What is the value of (8 + -12 - (-15 + 9)) + -14?
-12
(11 - (24 + -11)) + (-8 - -5)
-5
What is (-10 + 12 + -13 - (4 + -2)) + -4?
-17
9 + -27 + 16 + -11
-13
Calculate -9 - (-9 + -8 + -4 + 11).
1
Evaluate 10 + -22 + 17 - 17.
-12
-20 + (0 - (-3 - 8 - -3))
-12
Evaluate -11 + -5 + (18 - 9) - -20.
13
Calculate -96 + 105 - (-2 + 11) - (-3 - -2).
1
Calculate -2 - ((1 - -10) + -22) - 4.
5
-6 + 1 + -8 + (-6 - -51)
32
What is -7 + -3 - (-18 - ((19 - 12) + -19))?
-4
Calculate -20 + 0 + (8 - 22 - -9).
-25
Evaluate 29 + (-28 - 20) + 9.
-10
Evaluate (41 - 26 - (11 + 0)) + 10.
14
-5 - (17 - 10) - (-1 + 3)
-14
What is the value of -2 + (3 - -3) + 1 + (-24 - -23)?
4
What is the value of -306 + 275 + 0 + 13?
-18
Calculate -9 + (-2 - -19) + 2.
10
What is -1 + 10 + 0 + -6 - -7?
10
Evaluate (-7 + 52 - 63) + (1 - -2).
-15
Calculate -5 + (4 + -2 + -20 + 0 - -8).
-15
What is the value of -1 + -35 + -1 + 63?
26
What is the value of 11 + -22 + -4 + (-3 + 7 - 2)?
-13
11 + (3 - (-4 + -7)) + -6
19
What is the value of (26 + -4 - 11) + -20 - (1 - 33)?
23
Evaluate (-11 - (-3 - -3 - (-3 + -3))) + 4.
-13
Evaluate 6 + 5 + (-4 - -2) + (25 - 15).
19
Evaluate (2 - 2 - -3) + -207 + 215.
11
-18 + (-45 - -36) + 1 + 10
-16
Calculate 4 + -14 + (3 - (-9 - -8)).
-6
What is -24 - (-39 + 31) - -26?
10
What is the value of 1 + -17 + -115 + 113?
-18
(-1 - 0) + 9 + 2 + -2 + -14
-6
Evaluate 0 - (2 - 1 - (-22 - -20)).
-3
-6 + -7 + 1 + (2 - 3) + 5
-8
What is the value of -48 + (36 - 33) - -20?
-25
What is 3 - 21 - (138 + -167)?
11
What is the value of (-6 - 10) + (2 - -9) - 7?
-12
Evaluate -16 + 5 - 9 - (2 + -10).
-12
Evaluate (1 - 1 - 3) + 285 + -277 - -3.
8
What is the value of 3 - 5 - (-3 + -4) - -2?
7
(-34 - -30) + 12 - 25
-17
What is the value of -2 + (-3 - -18 - 5) + -4?
4
Calculate (-1 - 8) + 16 + (-1 - 5).
1
Calculate 9 - 1 - (4 - 21 - -14).
11
Calculate -15 + (14 - (21 + -6)).
-16
(290 - 306) + 0 + 7
-9
What is the value of (18 - 7) + 4 - -6?
21
What is the value of 16 + (-7 - 16) - 1?
-8
What is 4 - (13 + 1 + -17)?
7
Calculate 2 + (-29 - -19) + 1 + 9.
2
Calculate 23 + (9 - 8) + -3.
21
-8 - (-7 - (-4 + -4)) - (-53 + 21)
23
Calculate -7 - 1 - (-19 + 29 + -27).
9
Calculate -8 + (7 - (0 - (8 + -13))) + -1.
-7
What is the value of 38 - (14 + -12) - 20?
16
Calculate -13 + 6 + (9 - 7) + -1.
-6
What is -11 - (-1 - (-7 + -3 + 20))?
0
What is the value of 0 + 4 + (-2 - 1) - (81 - 86)?
6
What is 2 + (-7 - (1 - 6)) + (-10 - 0)?
-10
(9 - (9 - (-15 - -9))) + 6 - 4
-4
What is the value of (19 - 3) + 7 - (-2 + -4 - -15)?
14
Evaluate -21 + (6 + -5 - -3).
-17
What is -3 + -6 + 13 + -9 + 28?
23
Evaluate -3 - (-3 - (-3 + 0 + 6)) - 12.
-9
Evaluate (5 - 8 - 20) + 13.
-10
-8 - (15 + -18) - -17
12
What is 30 + (35 - 21) - 28?
16
-158 + 159 + -18 + -3
-20
Calculate 2 + -5 - (3 + 1 + -3 - 2).
-2
What is 6 + (6 + -9 - (-1 + 4)) + -6?
-6
What is -12 - -33 - 13 - 15 - (1 + -19)?
11
(-31 - -15 - 19) + 15
-20
What is the value of 1 + 3 + -3 - -10 - (-37 + 39)?
9
1 + -27 - (-17 - -40 - 25)
-24
-2 + -1 + (-1 - (-1 - -7))
-10
What is 8 + (-4 - 18 - -18)?
4
Evaluate -10 - (6 - (10 + 1) - (6 - 5)).
-4
Calculate -60 + 10 + 16 + 10.
-24
What is the value of (17 - 18) + (11 - 7)?
3
Evaluate -12 - 0 - (-13 - ((5 - 11) + 12)).
7
-10 + 24 + -3 + -6
5
Evaluate -2 - (12 + -2) - (-727 - -700).
15
What is the value of 0 + -31 - ((6 - (-7 + 9)) + -11)?
-24
Evaluate -1 + 13 + -2 + -5 + 8.
13
Evaluate -62 + 66 + (2 - (6 - -1 - 1)).
0
31 + (34 - 37) + -15 + -1
12
Evaluate -1 + ((10 - 0) + 2 - (19 + -21)).
13
Evaluate 12 - (11 - (0 + 4 + 13)).
18
What is the value of (-9 + 48 - 26) + -23?
-10
Evaluate 3 + (-3 - 27) + (429 - 427).
-25
What is -7 - (1 + -1 + -2 + -2 + 8)?
-11
What is the value of -15 + 19 + 16 + -16?
4
Calculate -14 + 13 - ((-6 - (-4 + 0)) + 2).
-1
What is (10 - (1 - -15)) + (-2 - (-5 - 3))?
0
Evaluate -290 + 277 - (4 + (-3 - -2)).
-16
Calculate -2 - ((14 - -1) + -25) - (1 + 3).
4
What is the value of -7 - (4 + -4 - -5 - 9) - 26?
-29
Evaluate -50 + 53 - (-1 + 10) - 4.
-10
Calculate -18 + 37 + (-3 - 2).
14
What is the value of (15 - 14 - -4) + -1 + 1?
5
Evaluate -26 + -1 + 15 + 38.
26
31 + 8 + (46 - 56) + -4 + -1
24
Evaluate -16 + 2 + (-32 - -30 - -11).
-5
Calculate (10 - 17 - -4) + 5 + 0 - 4.
-2
Calculate 18 - (13 + (-18 - -14)).
9
What is -47 + 54 + 8 + -4 + 1?
12
Evaluate 15 - ((-22 - -10) + 31).
-4
Calculate 0 - (10 + -7 - (6 - (-1 + 4))).
0
Calculate 6 + (16 - 15 - -5) + (2 - -2).
16
Calculate (35 - 56) + (-3 - -9) + 6.
-9
What is 35 - ((-19 - -3) + 44)?
7
Calculate 19 - (-8 - (-14 + 9)) - 10.
12
What is -4 + (23 - 13) - (-3 + (2 - 2))?
9
What is the value of (-39 - 6) + 7 - (0 - (6 - 3))?
-35
Calculate -13 + -12 + 37 - 36.
-24
-4 + (4 + -2 - -2) + 5 - -6
11
Calculate (9 - 3) + (-5 - 3) + 7.
5
What is the value of 29 - (4 + 4 + (-17 - -10) + 1)?
27
What is 1 + 18 - (13 - (-10 - (0 - 19)))?
15
What is the value of 0 - 0 - (12 + (-11 - -5)) - 1?
-7
Calculate (-1 - -11) + (3 - 6) - (9 - 18).
16
-13 + 28 + (26 - 48)
-7
44 + (-1 - (82 - 24))
-15
What is 6 + (-12 - -6) + 3 + 9 + 2?
14
What is -11 - (17 + -10 -